er when 275 is divided by (-49)/z - (-12)/(-48)?
11
Suppose -64 = q - 4*g, 5*g = -q - 2*q - 107. Let m = -25 - q. What is the remainder when 27 is divided by m?
8
Let v = -102 - -115. Let j = -8 + v. Suppose q + j*w = 19, -7*q + 2*q + 230 = -2*w. Calculate the remainder when 83 is divided by q.
39
Let x = -6575 - -8788. Calculate the remainder when x is divided by 123.
122
Let l(j) = -12*j + 2538. Calculate the remainder when l(-21) is divided by 133.
130
Suppose 12312 = -3*z + 27*z. What is the remainder when z is divided by 165?
18
Let f(i) = -i**3 + 6*i**2 + 6*i - 32. Let p = 41 + -35. Suppose 31 = 5*c - 19. Calculate the remainder when c is divided by f(p).
2
Suppose 3*a - 66 = -0*a. Let q be 1014/21 + 2/(-7). Let w = q - -16. What is the remainder when w is divided by a?
20
Suppose 5*w - 395 = -5*s, -34 = -2*s + 4*w + 106. Calculate the remainder when s is divided by 60.
16
Suppose 0 = -23*f + 487 + 131 + 509. Let s(j) = 4*j**3 - j**2 + j + 2. Let o be s(2). Suppose -o = -3*t - 2. What is the remainder when f is divided by t?
9
Suppose 0 = -32*v + 141367 + 1131049. What is the remainder when v is divided by 165?
163
Suppose -17*j + 22359 = 22291. What is the remainder when 3231 is divided by j?
3
Suppose 50*y = 16*y - 204. Calculate the remainder when 214 is divided by (81 - (2 - (-12)/y)) + -3.
58
Let r = -1123 + 1198. Calculate the remainder when 234 is divided by r.
9
Let r = -1298 + 1662. What is the remainder when r is divided by 4?
0
Let l(f) = -2*f**3 - 10*f**2 + 7*f + 17. Calculate the remainder when 276 is divided by l(-6).
41
Let g(f) = 6*f + 9. Let n be g(-9). Let u = n + 64. Calculate the remainder when 297/4 - (-9)/(-36) is divided by u.
17
Suppose g - 4*g - 201 = 0. Let r = 88 + g. Suppose -t + 14 = 5*b - r, 2*t - 18 = 3*b. What is the remainder when 44 is divided by t?
14
Let l be (-4)/(-8) - (-209)/22. Suppose -l*d + 403 = -127. What is the remainder when d is divided by 216/15 + 2/(-5)?
11
Suppose 87*g - 3849 + 830 = 1157. What is the remainder when g is divided by 29?
19
Let j = 5 - -7. Suppose -13*a - 1454 = -1753. What is the remainder when a is divided by j?
11
Let f(i) = 4*i**2 - 11*i - 48. Calculate the remainder when 79 is divided by f(-3).
16
Suppose o - 55 = 5*j, j = -5*o - j + 221. Suppose -4*d + 216 = u, 5*d - 5*u - 315 = -o. Calculate the remainder when (-4 - 83)/(3 + d/(-16)) is divided by 47.
44
Let b(u) = 188*u**2 - u + 2. Let z be b(1). Suppose -1512 - z = -9*m. Suppose -7*q + 154 = -m. Calculate the remainder when q is divided by 26.
23
Let j = -48947 - -49077. Calculate the remainder when j is divided by ((-4)/6)/(2/(-33)).
9
Suppose -88 = -u - 86. Suppose -u*c = -7*c + 45. Calculate the remainder when 24 is divided by c.
6
Let b = 249 + -208. Calculate the remainder when b is divided by (-71)/(-2) + 1/2.
5
Suppose -3*g = 2*g + 55. Let c(j) = j**3 + 10*j**2 - 14*j - 3. Let u be c(g). Let f = 4 + u. Calculate the remainder when 167 is divided by f.
31
Let v = 34440 + -13397. Calculate the remainder when v is divided by 23.
21
Suppose 3*j = 12 + 3. Suppose 40*r + 45 = 38*r - m, 0 = 3*r - 5*m + 100. Let b = r + 33. Calculate the remainder when b is divided by j.
3
Suppose 15*c - d = 13*c + 657, -2*c + 667 = -3*d. Calculate the remainder when c is divided by 96.
38
Let l(q) = 2*q**3 + 18*q**2 - 23*q + 11. Let i be l(-12). Let g = 825 + i. Calculate the remainder when g is divided by 12.
8
Let v = 145 - -62. Suppose 3*d + 2*w - 160 = -d, w = 5*d - v. Suppose -5*y = 5*g - 85, -3*y + 2*g + 71 = 2*y. Calculate the remainder when d is divided by y.
11
Let x be (-8)/(2 + 32/(-20)). Let s be 2/10 + (-36)/x. Suppose 22 = s*r - 44. Calculate the remainder when 98 is divided by r.
32
Let f(r) = -50*r**2 - 1058*r - 15. What is the remainder when f(-21) is divided by 15?
3
Let h = 2018 + -966. What is the remainder when h is divided by 39?
38
Suppose z - 100 = -3*f, -4*f = -0*f - 3*z - 116. Let s(v) = -107*v**3 + v + 1. Let b be s(-1). Let p = b - 90. Calculate the remainder when f is divided by p.
15
Let f(v) = 5*v**2 + v + 1. Let g be (-2)/12*2*3. What is the remainder when 6 - ((-46 - -30) + -4) is divided by f(g)?
1
Let k(v) = -132*v + 2259. What is the remainder when 2081 is divided by k(17)?
11
What is the remainder when 9723 is divided by 7442/26 - 276/1196?
285
Suppose 6*c = 14*c - 24. Suppose c - 51 = -6*x. Calculate the remainder when 21 is divided by x.
5
Let c = 109 + 187. Suppose -2*o = 2*y - c, 0 = -4*y - o - 355 + 953. Suppose -5*h = 5*r - y, 90 = h + 3*h - 2*r. Calculate the remainder when h is divided by 7.
4
Let x = 318 + -315. Suppose -x*o + 136 = -4*r + 1, -4*r = 2*o - 70. Calculate the remainder when 161 is divided by o.
38
Suppose s + 66 = 2*l, 0 = -4*l - 5*s + 69 + 77. What is the remainder when l is divided by (-63)/3 + 63 + -33?
7
Let w(y) = y**3 + 23*y**2 + 72*y - 129. Calculate the remainder when w(-17) is divided by 75.
6
Let b(q) = q**2 - 16*q - 6. Suppose 0 = u + 8*u - 171. Suppose 65 = 13*j - 104. Calculate the remainder when b(u) is divided by j.
12
Let a = 91 + -91. Suppose 5*t - 36 = 2*k + 47, a = k - 1. Calculate the remainder when (-4 - -7)*(10 - -1) is divided by t.
16
Let l = 715 + -644. Suppose 33*v + 418 = l*v. What is the remainder when 38 is divided by v?
5
Let b(h) be the second derivative of -5*h**3/3 + 3*h**2 + 63*h. What is the remainder when 365 is divided by b(-4)?
43
Suppose 2*i + 124 = -0*i. Let w = i - -61. Calculate the remainder when (-4 + 3 + w)*-38 is divided by 39.
37
Suppose -2*w = 2*q - 2402, 3*w + q - 1231 = 2362. Calculate the remainder when w is divided by 25.
21
Suppose -4*n - t + 67 = -113, -2*n + 3*t + 104 = 0. Suppose 9*c = 14*c - 850. What is the remainder when c is divided by n?
32
Let v(f) be the first derivative of -f**4/4 - 2*f**3/3 - 5*f**2/2 + 64*f - 7. What is the remainder when v(0) is divided by 22?
20
Let b = 336 + -259. Calculate the remainder when 305 is divided by b.
74
Let b = 320 - 387. Let q = 89 + b. What is the remainder when 81 is divided by q?
15
Let x(k) = k**3 - 3*k**2 - 8*k + 3. Suppose 5*r + d = -5363, 0 = 2*r + 3*d - 13 + 2166. Let w = 1148 + r. What is the remainder when w is divided by x(5)?
11
Let j be (2/3)/((-38)/(-285)). Suppose 4 + 0 = k, -j*u + 5*k - 5 = 0. Suppose -u*m + 6 = 0, 2*p - 5*m - 8 + 2 = 0. What is the remainder when p is divided by 6?
2
Let a = -6939 + 7056. Calculate the remainder when a is divided by 51.
15
Suppose -21*x + 32 = -94. What is the remainder when 55 is divided by x + (-114)/(-12)*4?
11
Let z(p) = 5*p**2 + 215*p + 583. What is the remainder when z(-47) is divided by 51?
44
Let v = -12553 + 15407. What is the remainder when v is divided by 42?
40
Let l = -28 + 67. Let n = -706 - -895. What is the remainder when n is divided by l?
33
Let y be (-1)/(-6) + 105/18. Suppose -y*v + 2*v - 5*p = -64, 4*p - 48 = -3*v. What is the remainder when -2 + 6 + -11 + 36 is divided by v?
13
Let y be 519/2*4/(-60)*-10. Let v = -139 - y. Calculate the remainder when v/(-9) - (-10)/(-6) is divided by 9.
6
Let z(r) = -10*r**2 + 59*r + 17. Calculate the remainder when 6757 is divided by z(5).
61
Calculate the remainder when 1887 is divided by 2/((-8)/(-236)) + -14.
42
Suppose -4*c + 5*j = -3, 2*j - 4 = 3*c - 8. Suppose -5 - 1 = -3*i. Suppose -i*g + 3*z = 5*z + 2, -2*z = 4. Calculate the remainder when c is divided by g.
0
Let b(z) be the second derivative of z**4/12 + 5*z**3/6 + z**2 - 7*z. Let l be b(-5). Suppose l*v = 22 - 10. What is the remainder when v is divided by 3?
0
Let c = 2384 + -1779. Calculate the remainder when c is divided by 101.
100
Let r(q) = 26*q - 47. Let o be 207/(-54) + 4 + 118/12. Calculate the remainder when r(o) is divided by 12.
9
Let a be (-2)/(-6) - (-10)/6. Calculate the remainder when (7 - 5) + a - -54 is divided by 9.
4
Suppose 0 = -5*a - 35 + 55. Suppose -a*z + 9 = -7. Let t(i) = i**3 - 2*i**2 - 2*i + 4. What is the remainder when t(z) is divided by 8?
4
Calculate the remainder when 106799/1729 - 3/(-13) is divided by 33.
29
Let f(h) = -32*h - 38. Let q be f(-8). Let u = q + -120. What is the remainder when u is divided by 17?
13
Suppose 181 + 211 = 4*g. Let s = -211 + 220. Calculate the remainder when g is divided by s.
8
Suppose -y + 3*y - 10 = -2*p, 2*y - 4*p = 40. Suppose 4*b = -